Let n = d - o. What are the prime factors of n?
3, 7, 13
List the prime factors of (357/(-35) - -12) + 24072/10.
3, 11, 73
Let y(t) = 2*t**3 + 6*t**2 + 3*t. Let j be y(-2). Let r(a) = 3 + 38*a**j + 23*a + a**2 + 7 - 16*a. What are the prime factors of r(-2)?
2, 19
Suppose x + x = -3*v - 179, 5*x - 151 = 3*v. Let h = -17 + v. Let w = -13 - h. What are the prime factors of w?
61
Suppose -2*j = -f + 1127, -526 = -f + j + 598. List the prime factors of f.
19, 59
Let v(k) = 2*k + 1. Let l(w) = -5*w**2 + 76. Let i(b) = -l(b) - 5*v(b). List the prime factors of i(12).
3, 173
Suppose 10266 = c - 4*s, -15*c + 3*s + 30843 = -12*c. List the prime factors of c.
2, 37, 139
Let c(f) = 142*f - 1412. List the prime factors of c(58).
2, 853
Suppose g + p - 30 = -2*p, 3*p = 3*g - 42. Let l(z) = -z**3 + 18*z**2 + 16*z + 10. What are the prime factors of l(g)?
2, 149
Let a = -169 - -170. What are the prime factors of (-20)/16 + a - (-401)/4?
2, 5
Let o(r) = -29*r**3 - r. Suppose -7*x - 10 = 3*x. What are the prime factors of o(x)?
2, 3, 5
Suppose 25*l = 62*l - 131673 - 110862. What are the prime factors of l?
3, 5, 19, 23
Let z = 78 - 73. Suppose -4*i - 4*y + 48 = 0, -z*i + 51 = -0*i + 2*y. Let n(p) = -p**3 + 10*p**2 - p - 5. List the prime factors of n(i).
67
Let f = -123 - -37. Let l = f - -251. List the prime factors of l.
3, 5, 11
Suppose 3*r + c = 1441, 2*c + 0*c = -r + 487. Suppose 2*x - r = 5*w, 5*x - 16*w + 12*w - 1206 = 0. What are the prime factors of x?
2, 11
List the prime factors of ((1 - 2) + 2712/(-20))/(12/(-60)).
683
What are the prime factors of (-2490 - -8)*(-51)/6?
17, 73
Let r(n) = -n**2 - 5*n + 18. Let d be r(-6). Suppose -5*p + 2*z + 28 = -13, -4*p + 40 = 2*z. Suppose p*q - d*q = -195. What are the prime factors of q?
5, 13
Let r(q) = -3*q**3 - 8*q**2 + 10*q + 16. Let s be r(-4). List the prime factors of (66072/s)/3 - (-2)/5.
19, 29
Let q = 2847 + -674. Suppose 2*a - d = q, -a + 4*d + 709 = -395. List the prime factors of a.
2, 271
Let l(c) = 15*c**2 - 4 - 5*c**2 + 40*c**2 + 3*c + 0*c**2. Let d be l(-2). Suppose 4*o = -o + d. What are the prime factors of o?
2, 19
Let j = 9924 - 8641. What are the prime factors of j?
1283
Let z be (132/8)/(-1*(-6)/220). Let w = -235 + z. What are the prime factors of w?
2, 5, 37
Suppose -o + 16520 = k, -2*k + 10*o - 8*o + 33052 = 0. What are the prime factors of k?
13, 31, 41
Let g be (2 - (-28)/(-3))/((-58)/87). Suppose -4*h - 2*r + 982 = 0, h - g*r + 6*r - 218 = 0. List the prime factors of h.
3
Let g be 1006*((-36)/8)/(-9). Let y = 321 - g. Let j = -95 - y. List the prime factors of j.
3, 29
Let l(z) = z**2 + z - 3. Let q be l(2). Suppose -q*d + 8 = -d. Suppose 60 = 2*t + 3*j, t = 2*t - d*j - 19. What are the prime factors of t?
3
Let a = -4452 + 7225. What are the prime factors of a?
47, 59
Let s(x) = -x**3 - 13*x**2 - 24*x + 14. Let j(t) = -t - 1. Let d be 1/5 - (-52)/65. Let q(w) = d*s(w) - 3*j(w). What are the prime factors of q(-11)?
2, 3
Suppose 7*k - 605 = 2*k. Suppose 0 = 19*f + 29*f. Suppose f = -2*v - 2*c + 3*c + k, 65 = v + c. List the prime factors of v.
2, 31
Let z be 2/(-8) - 2830/8. Let y be z/(-4) + ((-30)/12)/(-5). Let a = 213 - y. List the prime factors of a.
2, 31
What are the prime factors of 76712 + (-39)/2*(-128)/(-192)?
7, 10957
Let i be 1 - (-11)/(33/189). Suppose j + o - 7 = -2*o, i = 4*j + 3*o. What are the prime factors of j?
19
Let g = -10 + 18. Let v = 183 - 138. What are the prime factors of (v/3)/(3/g)?
2, 5
Let g(d) = 3*d**2 + 7*d - 7. Let t = 47 + -36. List the prime factors of g(t).
433
Let a = -72 + 80. Let c be (-20)/(-15) + a/18*6. Let z(g) = 6*g**2 + 7*g + 7. What are the prime factors of z(c)?
131
Let w(a) = 2*a**3 - 16*a**2 + 11*a. Let b be (-52)/13 - 12/(-1). Let o be w(b). Let f = o - -7. List the prime factors of f.
5, 19
Let j(l) = -l**3 - 22*l**2 + 24*l + 25. Let t be j(-23). Let o be (8/(-16))/(t/(-124)). Let u = o + 137. What are the prime factors of u?
2, 3, 7
Let c be (56 - 54)/(2/531). Suppose -o = -5*l - 3*o + 660, 0 = -4*l - o + c. What are the prime factors of l?
2, 67
Let l be (132/(-21) - 0) + 10/35. What are the prime factors of 3/((l/1004)/(-1))?
2, 251
Let t = 38 - 38. Suppose -4*n = -4*q, t = -4*q - 4*n - 0*n. Suppose q*b = -5*b - 15, -5*y + 52 = -4*b. What are the prime factors of y?
2
Suppose -4*d - 2*g + 20022 = -27418, -35655 = -3*d + 11*g. What are the prime factors of d?
11863
Let p(h) = 3*h**3 - 2*h**2 + 5*h + 2. Let u be p(3). What are the prime factors of (-156)/(-32)*4*u?
2, 3, 5, 13
Suppose -6*y = -8 - 4. List the prime factors of -718*((-30)/12 + y).
359
List the prime factors of ((-36)/27 - (1 + 3))*35940/(-8).
2, 5, 599
Suppose 4*l = -5*k + 2*l + 10, -l + 10 = 5*k. Suppose 4 = k*p, 5*c = 4*p - 38 + 175. List the prime factors of c.
29
Let t(n) = n**3 - n - 252. Let l be t(0). Let r = 549 + l. What are the prime factors of r?
3, 11
Let m be (-1 - (-1)/1)/(-1). Let b(c) be the third derivative of -c**4/12 + 13*c**3/2 - 375*c**2 + 2*c. List the prime factors of b(m).
3, 13
Let d(a) = 15*a**2 + 7*a - 9. Let s be d(-10). Let f = s + -800. What are the prime factors of f?
3, 23
Let f be ((-12)/9)/((-4)/(-1590)). Let a = f - -827. What are the prime factors of a?
3, 11
Suppose -2*l - 14*j + 450 = -19*j, 1163 = 5*l - 3*j. List the prime factors of l.
5, 47
Let m(b) = 0 - 10 - 55*b + 35*b. Let o(d) = d - 1. Let r be o(-2). List the prime factors of m(r).
2, 5
Let m(l) = 12 - 35 + 13 - 22*l + 11. What are the prime factors of m(-5)?
3, 37
Let k(r) = 506*r - 405. What are the prime factors of k(18)?
3, 967
Let g(j) = j + 60 - 182 + 52 + 62. Let p be g(6). What are the prime factors of 25/p*312/(-65)?
2, 3, 5
Let q be (-12)/(-9) + (-8115)/(-9). Suppose -q = 3*o - 4746. Suppose 2*j - t + 209 = 721, -3*t - o = -5*j. What are the prime factors of j?
3, 5, 17
Let u be 17 - ((0 - -11) + -3). List the prime factors of ((8 + 24976)/u)/2.
2, 347
Let z(d) = 2*d**2 + d - 22. Let v be z(3). Let o(f) = 358*f**2 + 7*f + 5. List the prime factors of o(v).
2, 89
Let b(g) = -2*g - 15. Let v be b(-7). Suppose 0 = -3*s - 4*c - 2, -2*s = 3*s - 4*c + 14. What are the prime factors of 108/v*2*s/8?
2, 3
Let j(m) = 2*m**2 + 2*m + 3. Let l be j(-2). Suppose -5*a = -c + 409, 3*a = l - 10. Suppose 3*f = c - 113. List the prime factors of f.
97
List the prime factors of (188748/(-6))/((-22)/77 + 12/(-7)).
3, 7, 107
Let c(f) = 118*f**3 + 13*f**2 + 6. Let k(p) = 117*p**3 + 11*p**2 + 5. Let u(z) = -5*c(z) + 6*k(z). Suppose 3*d + 0*d - 3 = 0. List the prime factors of u(d).
113
Let h(f) = 21*f + 37. Let n(m) = -62*m - 111. Let t(u) = -7*h(u) - 2*n(u). List the prime factors of t(-13).
2, 131
Let x(f) = -301*f - 3293. List the prime factors of x(-21).
2, 757
Let p(i) = -i**3 - 6*i**2 - 6*i + 16. Let m be -8 + (4 - 2/1). List the prime factors of p(m).
2, 13
Let z = 77 - 311. Let i = z + 553. List the prime factors of i.
11, 29
Let o = -169 - -173. Suppose 4*b = 4*s - 3*s + 1336, o*b - 1336 = -s. What are the prime factors of b?
2, 167
Suppose -p - 5*r - 61 = 0, 0*r + 312 = -4*p - 3*r. Let i(o) = -11*o**2 - 143*o + 14. Let w be i(-14). Let k = p - w. What are the prime factors of k?
59
Let q = -568 + 569. What are the prime factors of q*(3411 + 0)*(-3)/(-9)?
3, 379
Suppose 16 + 1 = 2*v + 5*o, 0 = -2*v - 4*o + 16. Let z(q) = -q**3 + 10*q**2 + 5*q + 6. Let x be z(v). Suppose 9*t = -t + x. List the prime factors of t.
2, 3
Let t(o) = -2*o. Let w be t(6). Let a be 2 + 6*(-4)/w. Suppose 6*f = -3*i + 5*f + 203, -a*f = 2*i - 152. What are the prime factors of i?
2, 3, 11
Let x(z) = -2*z**3 - 15*z**2 - 22*z + 63. List the prime factors of x(-19).
2, 3, 61
Suppose -5*l + 20 = 0, -11*a - l + 480008 = -4*a. What are the prime factors of a?
2, 7, 31, 79
Let d(a) = -116*a + 37. Let s be d(4). Let h = -243 - s. What are the prime factors of h?
2, 23
Suppose -3*l - 20*c + 478 = -16*c, 0 = 5*l + c - 808. What are the prime factors of l?
2, 3
Let d(z) = z**3 - 27*z**2 - 35*z - 89. Let p be d(28). Let v = p + 289. What are the prime factors of v?
2
Let v(d) = -19 - d + 19 + 2 + 130 - 43. What are the prime factors of v(-20)?
109
Let j(h) be the second derivative of -h**5/10 - 5*h**4/6 - 7*h**3/6 - 28*h**2 - 56*h. What are the prime factors of j(-7)?
3, 7
Suppose 0 = -12*d + 23 + 25. List 